{"id":150,"date":"2013-11-29T22:59:37","date_gmt":"2013-11-29T21:59:37","guid":{"rendered":"http:\/\/www.kg09.de\/wp_swhvkg09\/?page_id=150"},"modified":"2025-02-15T18:09:04","modified_gmt":"2025-02-15T17:09:04","slug":"jugendvorstand","status":"publish","type":"page","link":"https:\/\/www.swhvkg09.de\/?page_id=150","title":{"rendered":"Jugendvorstand"},"content":{"rendered":"<table border=\"0\" frame=\"void\" rules=\"none\">\n<tbody>\n<tr>\n<td style=\"text-align: center;\"><\/td>\n<td style=\"text-align: center;\"><\/td>\n<td style=\"text-align: center;\"><img loading=\"lazy\" decoding=\"async\" class=\"\" src=\"\/wp-content\/uploads\/2015\/03\/sabrina.jpg\" alt=\"\" width=\"125\" height=\"172\" \/><\/td>\n<\/tr>\n<tr>\n<td style=\"text-align: center;\">Jugendleiterin<\/p>\n<p><span style=\"color: #000000;\"><b>Mareike Volz<\/b><\/span><\/p>\n<p><a href=\"mailto:mareike@volz-family.net\">E-Mail<\/a><\/td>\n<td style=\"text-align: center;\">Stellv. Jugendleiterin<\/p>\n<p><strong>Madlen Bross<\/strong><\/p>\n<p><a href=\"mailto:madlen.bross@hotmail.de\">E-Mail<\/a><\/td>\n<td style=\"text-align: center;\">Schriftf\u00fchrerin<br class=\"none\" \/><b><\/b><\/p>\n<p><b>Sabrina Hummel<\/b><\/p>\n<p><a href=\"mailto:carifisabrina@yahoo.de\">E-Mail<\/a><\/td>\n<\/tr>\n<tr>\n<td style=\"text-align: center;\"><\/td>\n<td style=\"text-align: center;\"><\/td>\n<td style=\"text-align: center;\"><\/td>\n<\/tr>\n<tr>\n<td style=\"text-align: center;\">Kassiererin<\/p>\n<p><strong>Celina Scheufler<\/strong><\/p>\n<p>E-Mail<\/td>\n<td style=\"text-align: center;\">\u00dcbungsleiterin<\/p>\n<p><strong>Kim H\u00e4nsel<\/strong><\/p>\n<p>E-Mail<\/td>\n<td style=\"text-align: center;\">Beisitzerin<\/p>\n<p><strong>Laura Lutz<\/strong><\/p>\n<p>E-Mail<\/td>\n<\/tr>\n<\/tbody>\n<\/table>\n<p>&nbsp;<\/p>\n","protected":false},"excerpt":{"rendered":"<p>Jugendleiterin Mareike Volz E-Mail Stellv. Jugendleiterin Madlen Bross E-Mail Schriftf\u00fchrerin Sabrina Hummel E-Mail Kassiererin Celina Scheufler E-Mail \u00dcbungsleiterin Kim H\u00e4nsel E-Mail Beisitzerin Laura Lutz E-Mail &nbsp;<\/p>\n","protected":false},"author":1,"featured_media":0,"parent":16,"menu_order":0,"comment_status":"closed","ping_status":"closed","template":"","meta":{"footnotes":""},"class_list":["post-150","page","type-page","status-publish","hentry"],"_links":{"self":[{"href":"https:\/\/www.swhvkg09.de\/index.php?rest_route=\/wp\/v2\/pages\/150","targetHints":{"allow":["GET"]}}],"collection":[{"href":"https:\/\/www.swhvkg09.de\/index.php?rest_route=\/wp\/v2\/pages"}],"about":[{"href":"https:\/\/www.swhvkg09.de\/index.php?rest_route=\/wp\/v2\/types\/page"}],"author":[{"embeddable":true,"href":"https:\/\/www.swhvkg09.de\/index.php?rest_route=\/wp\/v2\/users\/1"}],"replies":[{"embeddable":true,"href":"https:\/\/www.swhvkg09.de\/index.php?rest_route=%2Fwp%2Fv2%2Fcomments&post=150"}],"version-history":[{"count":21,"href":"https:\/\/www.swhvkg09.de\/index.php?rest_route=\/wp\/v2\/pages\/150\/revisions"}],"predecessor-version":[{"id":1885,"href":"https:\/\/www.swhvkg09.de\/index.php?rest_route=\/wp\/v2\/pages\/150\/revisions\/1885"}],"up":[{"embeddable":true,"href":"https:\/\/www.swhvkg09.de\/index.php?rest_route=\/wp\/v2\/pages\/16"}],"wp:attachment":[{"href":"https:\/\/www.swhvkg09.de\/index.php?rest_route=%2Fwp%2Fv2%2Fmedia&parent=150"}],"curies":[{"name":"wp","href":"https:\/\/api.w.org\/{rel}","templated":true}]}}